 13.
6
Suppose -217 = -14*v + 91. What is the remainder when (-43 + 0)/(-2 - -1) is divided by v?
21
Suppose -25 - 26 = -3*j. Suppose -3*l - 2*s = -44, -s + 11 = 4*l - 46. Let k = j - l. Calculate the remainder when 4 is divided by k.
1
Suppose -4*s + 1002 = -214. Let k = s - 116. Calculate the remainder when k is divided by 38.
36
Let j be (-12)/((84/(-16))/(-7)). Let f = j - -24. What is the remainder when 16 is divided by f?
0
Let k(r) = -6*r - 2. Let a be k(-1). Suppose a*g = 8*g - 8. Calculate the remainder when 18/8 - (-1)/(-4) is divided by g.
0
Let c = 82 + -103. What is the remainder when c/42*104/(-2) is divided by 5?
1
Let m = -29 - -33. Let u = -261 - -286. Calculate the remainder when u is divided by m.
1
Calculate the remainder when 66 is divided by (-8)/(-6)*(28 + -1).
30
Let c = 4 - 0. Suppose -99 + 299 = 4*u + 4*i, 0 = -u - c*i + 50. Let o(b) = 2*b**2 + 31*b + 105. Calculate the remainder when u is divided by o(-4).
11
Let n = 9 - 13. What is the remainder when 81 is divided by (n + 1)*(-9 - -2)?
18
Suppose -t = -1 - 5. Calculate the remainder when t is divided by 5.
1
Let u = 63 - -83. What is the remainder when u is divided by 25?
21
Let i = 6 - -3. Let d be 2*(55/10 - 3). Suppose -r + d*h = -24, -162 = -3*r + h - 34. Calculate the remainder when r is divided by i.
8
Suppose 3*k - 180 = -9*k. What is the remainder when k is divided by (6/5)/((-6)/(-40))?
7
Suppose 5*x + 7 + 16 = 3*a, -5*a + x + 9 = 0. Suppose 3*c - a = 2. Calculate the remainder when 5 is divided by c.
0
Suppose -10119 = -47*l - 61. Calculate the remainder when l is divided by 27.
25
Let o be (-9)/((-9)/4) - 13. Let n be ((-16)/(-6))/((-6)/o). Suppose -v + 15 + 18 = 3*h, -n*v = -3*h - 117. Calculate the remainder when 119 is divided by v.
29
Let o = -40 + 77. Suppose w = 7 + o. Calculate the remainder when w is divided by 16.
12
Suppose 31 + 5 = 4*w. Let f be ((-2)/(-1) - 120) + 1. Calculate the remainder when f/6*(-20)/15 is divided by w.
8
Let a(k) = -k**3 + 14*k**2 + k + 23. Calculate the remainder when 112 is divided by a(14).
1
Let k(n) = -21*n + 128. Calculate the remainder when k(-10) is divided by 88.
74
Let b = -361 - -670. What is the remainder when b is divided by 62?
61
Suppose -8 = -2*o + 6*o. Let a(g) = g - g**2 - 2 - 5*g - 4*g**3 + 3*g. What is the remainder when a(o) is divided by 10?
8
Let d = -192 - -737. Calculate the remainder when d is divided by 42.
41
What is the remainder when 1426 is divided by (-9)/126*-7 - 109/(-2)?
51
Calculate the remainder when ((-26)/(-104))/((-1)/(-4468))*1 is divided by 70.
67
Suppose 5*c + 64 = 4*v, -5*v + 2*c + 73 + 7 = 0. Let i(g) = -g**2 + 20*g - 22. What is the remainder when i(v) is divided by 11?
9
Suppose s = -5*p + 116, p - 12 = -3*s - 0*s. What is the remainder when 280 is divided by p?
16
Suppose 4*q + 4*d = -345 + 1013, -4*q = 5*d - 670. Let o(h) = h**2 - 5*h - 24. What is the remainder when q is divided by o(-6)?
39
Let m be (-8)/32 + (-186)/(-8). Let q be 86/(-3) - 2/6. Let u = m - q. Calculate the remainder when u is divided by 18.
16
Suppose -5*a + 2*a = -3. Let k = -21 + 35. Suppose -5*n - 2*n = -k. What is the remainder when n is divided by a?
0
What is the remainder when 104 is divided by (20/(-25))/((20/(-75))/4)?
8
Suppose -3*y = 53*f - 55*f + 49, 5*y = -5. Suppose 3*z = -z + 356. Calculate the remainder when z is divided by f.
20
Suppose -5*p = -4*t + 3 + 49, 19 = -2*p + t. Let s be (-182)/(-8) + 6/p. Suppose -n + 3*n = s. Calculate the remainder when 42 is divided by n.
9
Calculate the remainder when 10/4 - (-20560)/160 is divided by 40.
11
Let x(c) = -8*c**3 - 14*c**2 - c - 26. What is the remainder when x(-5) is divided by 70?
69
Let y be -2 + (-13 + 2)*5. Let h = -47 - y. What is the remainder when h is divided by 3?
1
Let m(v) = v**2 + 4*v + 7. Suppose 9*g - 5*g = -28, 0 = h - 3*g - 56. Calculate the remainder when m(6) is divided by h.
32
Suppose 4*v + 0*v + 20 = 4*s, 3*v - 9 = 0. Let g(d) = 2*d - 7. What is the remainder when 43 is divided by g(s)?
7
Suppose 8*s + 57 + 23 = 0. Let l = s + 20. What is the remainder when 55 is divided by l?
5
Suppose 0 = 5*y + 2*p - 40, 2*y - 24 = -y + 6*p. Calculate the remainder when 36 is divided by y.
4
Let r be (12/8)/((-6)/(-8)). Let f(g) = g**2 - 16*g**2 - 3*g + 7*g**3 + 3 + 9*g**2 + 7*g**r. What is the remainder when f(2) is divided by 15?
12
Suppose -4*p - 3*j + 40 = -4*j, -56 = -4*p - 3*j. What is the remainder when 120 is divided by p?
10
Let q be (108/9)/(1 + (-1)/3). Let v = 32 - q. Let c(y) = 54*y**2 + 2*y + 1. Calculate the remainder when c(-1) is divided by v.
11
Suppose -2*o + 29 = 3*k, -5*k + 0*o + 46 = o. Suppose -6*c = -k*c + 141. What is the remainder when c is divided by 13?
8
Let a = 11 - -36. Suppose c = a - 15. What is the remainder when 125 is divided by c?
29
Suppose 21*g = -419 + 1133. Calculate the remainder when 209 is divided by g.
5
Let g(r) = -4*r + 67. Calculate the remainder when g(-10) is divided by 26.
3
Let f(w) = -10*w**3 - 3*w - 2. Let s be f(-1). Suppose 6*g - s*g = -15. Suppose 0 = g*l - 5*l + 24. Calculate the remainder when 35 is divided by l.
11
Suppose 6*l = l + 47840. Suppose 7*s - l = 3*s. Calculate the remainder when s/88 + 4/(-22) is divided by 7.
6
Let z be ((-171)/27)/((-2)/(-66))*-1. Suppose 5*w + 3*n - z = -58, -2*n + 90 = 3*w. Let l(x) = -6*x - 1. Calculate the remainder when w is divided by l(-2).
10
Let k(j) = j**2 - 3. Let y be k(-3). Suppose 5*i - y*i = -34. Suppose 17*z + 39 = 192. What is the remainder when i is divided by z?
7
Let f(k) = -11*k + 139. What is the remainder when 252 is divided by f(8)?
48
Let t = -20 + 3. Let v(h) = 4*h - 8. Let w be v(-6). Let q = t - w. What is the remainder when q is divided by 8?
7
Let l(y) = -y**3 + 11*y**2 - 15*y - 9. Let x(m) = -m**2 + 6*m + 16. Let z be x(7). Calculate the remainder when l(z) is divided by 5.
3
Let n(t) = -t**3 + 64*t**2 - 4*t + 277. Calculate the remainder when n(64) is divided by 12.
9
Let k = 250 - 133. Calculate the remainder when k is divided by 47.
23
Let t(p) = 99*p + 501. What is the remainder when 226 is divided by t(-5)?
4
Suppose 2*i + 1 = 9. Suppose 0 = -4*w + 5*o + 222, -63 - 104 = -3*w + i*o. Calculate the remainder when w is divided by 14.
11
Suppose -2*c + 37*t = 39*t - 114, 0 = 5*c - 2*t - 264. Calculate the remainder when c is divided by 30.
24
Suppose 4*a = 4, 3*a = -2*s - 2*s + 3. Suppose 0 = 3*y + 3*v - 372, s = -0*v - v + 3. Suppose -3*o + 38 = -y. What is the remainder when o is divided by 14?
11
Suppose -4*z = 3*y - 8*y - 19, 5 = 5*y. Suppose 4*t = o + 13, -t + z - 5 = -o. Suppose -2*m - 2*m = -12. Calculate the remainder when t is divided by m.
1
Let y be -4 - (6 + -4)/(-1). Let x be 2/(-4)*12/y. Suppose -5*v + 61 = 3*m - 93, -v + 38 = x*m. Calculate the remainder when v is divided by 16.
13
Let v(m) = -4 + 1 - 4*m + 3. Suppose 11*t - 3*t = 160. What is the remainder when t is divided by v(-3)?
8
Let o = -19 + 45. Let t = -15 + o. Calculate the remainder when 30 is divided by t.
8
Suppose 12 = -i + 55. Let y = -5 + -6. What is the remainder when i is divided by 2*y*2/(-4)?
10
Suppose -183 = -4*h - 5*i, -2*h - 37 = -3*h - 3*i. Suppose -24*y + h = -23*y. Calculate the remainder when y is divided by 18.
16
Suppose -c = 4*b - 58, -5*b + 4*c - 6*c + 71 = 0. Suppose 3*k - 6 = 3*d, 5*d + 4*k = 5*k - 26. Calculate the remainder when -1 + 55 + d/(-2) is divided by b.
12
Suppose -15 = -2*v + v. Let j(y) = -14*y - 13. Let u be j(-5). Suppose -2*g = -g - u. What is the remainder when g is divided by v?
12
Let j be ((-152)/(-6))/((-8)/(-12)). Let v = j + -29. What is the remainder when v is divided by 3?
0
Suppose -z + 2*u - 7*u = -3, 2*u - 6 = 2*z. Let b(n) = n**3 + 3*n**2 - 2. Calculate the remainder when 6 is divided by b(z).
0
Let l(m) = 2*m**2 + 34*m - 137. Calculate the remainder when 214 is divided by l(4).
28
Let u = 43 - -5. Let v be -1 - (-3 - -3 - 5). Let i(y) = -y**3 + 6*y**2 - 4*y + 1. Calculate the remainder when u is divided by i(v).
14
Suppose 3*c - 505 = -2*t, 4*t = -5*c + 1237 - 394. Calculate the remainder when c is divided by 28.
27
Let p(u) = -u**3 + 6*u**2 + 9*u - 4. Let b be p(7). Suppose 3*n + v = 21, -n + 7 = -3*v - b. Let o = n + -1. Calculate the remainder when o is divided by 4.
3
Let b =